2, 23, 113, 811
List the prime factors of 3151943.
23, 43, 3187
List the prime factors of 16881680.
2, 5, 17, 12413
List the prime factors of 9576296.
2, 1197037
List the prime factors of 786993.
3, 262331
What are the prime factors of 129535?
5, 7, 3701
List the prime factors of 7511230.
2, 5, 751123
List the prime factors of 2940460.
2, 5, 233, 631
What are the prime factors of 323163?
3, 11969
What are the prime factors of 33423302?
2, 11, 577, 2633
What are the prime factors of 416851?
416851
List the prime factors of 4415253.
3, 1471751
List the prime factors of 939108.
2, 3, 78259
List the prime factors of 5107741.
29, 176129
What are the prime factors of 7550881?
13, 580837
List the prime factors of 158093.
13, 12161
List the prime factors of 289788.
2, 3, 19, 31, 41
List the prime factors of 2748046.
2, 7, 19, 10331
List the prime factors of 306597.
3, 102199
List the prime factors of 781397.
781397
List the prime factors of 666140.
2, 5, 19, 1753
What are the prime factors of 15466656?
2, 3, 73, 2207
What are the prime factors of 83854?
2, 41927
What are the prime factors of 3158673?
3, 7, 150413
List the prime factors of 537070.
2, 5, 43, 1249
List the prime factors of 5046433.
7, 17, 42407
List the prime factors of 141381.
3, 23, 683
What are the prime factors of 823329?
3, 13, 31, 227
What are the prime factors of 751510?
2, 5, 223, 337
What are the prime factors of 56262?
2, 3, 9377
What are the prime factors of 5391213?
3, 41, 53, 827
List the prime factors of 5968936.
2, 746117
List the prime factors of 9519256.
2, 1189907
What are the prime factors of 3553580?
2, 5, 177679
What are the prime factors of 31887?
3, 1181
What are the prime factors of 1498051?
179, 8369
List the prime factors of 16593711.
3, 31, 113, 1579
List the prime factors of 343071.
3, 38119
What are the prime factors of 3300577?
7, 29, 71, 229
List the prime factors of 88971.
3, 47, 631
What are the prime factors of 125439?
3, 41813
List the prime factors of 357669.
3, 13, 1019
List the prime factors of 7256697.
3, 7, 31, 71, 157
What are the prime factors of 3908523?
3, 1302841
List the prime factors of 139830.
2, 3, 5, 59, 79
List the prime factors of 435195.
3, 5, 19, 509
What are the prime factors of 8453647?
97, 87151
What are the prime factors of 4283314?
2, 7, 163, 1877
List the prime factors of 617527.
23, 26849
List the prime factors of 27132.
2, 3, 7, 17, 19
List the prime factors of 3026424.
2, 3, 47, 2683
List the prime factors of 3866217.
3, 167, 7717
List the prime factors of 7927888.
2, 641, 773
List the prime factors of 879221.
7, 23, 43, 127
List the prime factors of 231591.
3, 17, 19, 239
List the prime factors of 1451812.
2, 362953
What are the prime factors of 21058872?
2, 3, 29, 79, 383
What are the prime factors of 18423336?
2, 3, 37, 20747
List the prime factors of 2025071.
569, 3559
List the prime factors of 455030.
2, 5, 45503
What are the prime factors of 437906?
2, 7, 31, 1009
What are the prime factors of 2867317?
29, 98873
What are the prime factors of 1014084?
2, 3, 17, 1657
List the prime factors of 40889.
31, 1319
List the prime factors of 3175604.
2, 793901
List the prime factors of 1055960.
2, 5, 26399
What are the prime factors of 2958264?
2, 3, 181, 227
What are the prime factors of 15104664?
2, 3, 69929
What are the prime factors of 15504194?
2, 2437, 3181
List the prime factors of 651350.
2, 5, 7, 1861
What are the prime factors of 3205720?
2, 5, 7, 107
List the prime factors of 2993863.
79, 37897
List the prime factors of 345933.
3, 7, 17, 19
List the prime factors of 24716.
2, 37, 167
List the prime factors of 315095.
5, 11, 17, 337
What are the prime factors of 1146256?
2, 31, 2311
List the prime factors of 945678.
2, 3, 277, 569
List the prime factors of 846849.
3, 19, 83, 179
What are the prime factors of 321817?
321817
List the prime factors of 9985811.
11, 19, 47779
What are the prime factors of 1074245?
5, 214849
What are the prime factors of 347128?
2, 43391
What are the prime factors of 551821?
449, 1229
What are the prime factors of 1835949?
3, 17, 35999
List the prime factors of 5280578.
2, 2640289
List the prime factors of 272519.
13, 20963
List the prime factors of 5698770.
2, 3, 5, 7, 11, 2467
What are the prime factors of 21109416?
2, 3, 61, 14419
List the prime factors of 135923.
29, 43, 109
List the prime factors of 399720.
2, 3, 5, 3331
What are the prime factors of 3964990?
2, 5, 373, 1063
List the prime factors of 344356.
2, 19, 23, 197
List the prime factors of 4498293.
3, 739, 2029
What are the prime factors of 10418199?
3, 11, 315703
What are the prime factors of 1281918?
2, 3, 11, 19423
List the prime factors of 202701.
3, 67567
What are the prime factors of 1020530?
2, 5, 7, 61, 239
What are the prime factors of 223962?
2, 3, 163, 229
What are the prime factors of 7512511?
103, 72937
List the prime factors of 457847.
13, 41, 859
List the prime factors of 29801.
17, 1753
What are the prime factors of 727556?
2, 181889
List the prime factors of 210780.
2, 3, 5, 1171
List the prime factors of 8263544.
2, 1032943
List the prime factors of 6592109.
83, 79423
What are the prime factors of 6674154?
2, 3, 1112359
What are the prime factors of 7432320?
2, 3, 5, 7, 79
List the prime factors of 9843292.
2, 19, 129517
List the prime factors of 220402.
2, 7, 13, 173
List the prime factors of 119210.
2, 5, 7, 13, 131
What are the prime factors of 372799?
7, 19, 2803
What are the prime factors of 987995?
5, 197599
List the prime factors of 6342070.
2, 5, 7, 43
List the prime factors of 736465.
5, 147293
List the prime factors of 187544.
2, 7, 17, 197
What are the prime factors of 8929711?
7, 182239
What are the prime factors of 7345688?
2, 7, 2677
List the prime factors of 266700.
2, 3, 5, 7, 127
What are the prime factors of 636143?
127, 5009
What are the prime factors of 1768740?
2, 3, 5, 41, 719
List the prime factors of 129112.
2, 16139
List the prime factors of 574404.
2, 3, 151, 317
List the prime factors of 15320632.
2, 103, 18593
List the prime factors of 6378301.
83, 76847
List the prime factors of 588699.
3, 149, 439
List the prime factors of 303937.
303937
List the prime factors of 215799.
3, 71933
What are the prime factors of 660216?
2, 3, 27509
What are the prime factors of 781558?
2, 17, 127, 181
List the prime factors of 8360825.
5, 11, 30403
What are the prime factors of 3588916?
2, 897229
List the prime factors of 3668471.
29, 126499
List the prime factors of 226385.
5, 19, 2383
What are the prime factors of 27628159?
13, 37, 71, 809
List the prime factors of 865882.
2, 29, 14929
List the prime factors of 15622474.
2, 7, 23, 29, 239
List the prime factors of 4633682.
2, 19, 61, 1999
What are the prime factors of 641422?
2, 29, 11059
What are the prime factors of 282204?
2, 3, 13, 67
What are the prime factors of 31033320?
2, 3, 5, 258611
List the prime factors of 29470453.
4751, 6203
List the prime factors of 25183.
25183
What are the prime factors of 273630?
2, 3, 5, 7, 1303
What are the prime factors of 276834?
2, 3, 29, 37, 43
What are the prime factors of 735216?
2, 3, 17, 53
List the prime factors of 354740.
2, 5, 17737
List the prime factors of 166773.
3, 23, 2417
What are the prime factors of 113311?
11, 10301
What are the prime factors of 465480?
2, 3, 5, 431
What are the prime factors of 6239015?
5, 47, 139, 191
List the prime factors of 861440.
2, 5, 673
What are the prime factors of 614829?
3, 29, 37, 191
What are the prime factors of 14228941?
73, 194917
List the prime factors of 190881.
3, 127, 167
What are the prime factors of 939724?
2, 234931
List the prime factors of 3730541.
3730541
List the prime factors of 3713693.
229, 16217
What are the prime factors of 442185?
3, 5, 41, 719
What are the prime factors of 1099193?
23, 47791
What are the prime factors of 10439188?
2, 29, 31, 2903
List the prime factors of 90669.
3, 30223
What are the prime factors of 119937?
3, 39979
List the prime factors of 11764.
2, 17, 173
List the prime factors of 1027579.
7, 67, 313
What are the prime factors of 1376530?
2, 5, 137653
What are the prime factors of 3616729?
109, 33181
List the prime factors of 421368.
2, 3, 97, 181
What are the prime factors of 117136?
2, 7321
What are the prime fa